+ 70652. Is n a composite number?
True
Suppose 17452649 = 30*p + 36*p - 5*p. Is p a composite number?
True
Suppose 34*z + 1278975 = 4512409. Is z a prime number?
True
Let l = -6286 + 20325. Let c = l + -7792. Is c prime?
True
Let q be (1/2*4)/((-7)/(-49)). Suppose -q*o = -8*o - 90. Let p(z) = 74*z + 13. Is p(o) a prime number?
True
Let j(d) = d**2 - 6*d - 39. Let y(z) = 21*z + 30. Let k be y(-2). Is j(k) composite?
True
Let s = -162368 - -537727. Is s a composite number?
False
Let n(p) = 209*p + 43. Let b(x) = 104*x + 22. Let i(j) = 7*b(j) - 3*n(j). Suppose 5*k - 18 = 5*a + 22, -a - 14 = -2*k. Is i(k) a composite number?
False
Let q(b) = 16*b**2 - 2*b + 4. Let n be q(-9). Let l = 3777 - n. Is l prime?
True
Suppose -5*q - 3 = -8. Let t(g) = 1477*g**3 + g**2 - 2*g + 2. Let z be t(q). Let f = z - -213. Is f a prime number?
False
Is 22/44*(-4 + 345806) prime?
False
Is ((-6)/(-4))/(17/102 + (-12916)/77523) composite?
False
Let t = 544091 + -346384. Is t composite?
True
Let q(u) = 2181*u - 817. Is q(58) a prime number?
False
Let q be (9/4)/((-19)/8 - -2). Let b be 1278 + -2 + (-4 - q). Suppose -s + 3 = 0, 5*p - 2472 = 5*s + b. Is p composite?
True
Let g(a) = -a**3 + a**2 + 1. Let r(i) = i**3 + 8*i**2 - 9*i + 2. Let q be r(-9). Let z be g(q). Is (-1)/z + 195/9 a composite number?
True
Suppose -3*r - 4*y = 2*r + 6497, -3*y = -2*r - 2585. Suppose 64*q = 51*q - 44928. Let a = r - q. Is a prime?
False
Is (-1637530)/(-28 + 33)*-1*2/4 prime?
True
Let f = 6210 - -445751. Is f prime?
True
Suppose h + 0*l = 2*l + 203, -5*h = -5*l - 1035. Suppose 79*k - 140*k + 1342 = -72*k. Let c = h + k. Is c prime?
True
Let k be (44 + -2)/(-1 + 540/530). Suppose k = 83*d - 77*d. Is d prime?
False
Let c = 429299 + -251832. Is c a prime number?
True
Let s(d) = -154*d**3 - 12*d**2 - 17*d - 119. Is s(-8) prime?
False
Suppose 7*d + 25 = 12*d. Suppose -3*i = -2*y - 32689, -d*y = -i - i + 21789. Let w = -5018 + i. Is w composite?
False
Suppose 0 = -b - 4*b - 31*b + 370692. Is b composite?
True
Suppose -5*t = 2*l - 229089, 115*t - 3*l = 118*t - 137457. Is t a composite number?
False
Let z = -225 - -214. Is (226/10)/(z/(-5) + -2) a prime number?
True
Suppose -4*r - 7*f = -3*f - 4, -2*r + 26 = -4*f. Suppose 110 = -r*y + 35. Is 1348 - y/(-20)*4 a composite number?
True
Let w = -8231 + 4707. Is 3 - (w/10)/(7/140) a composite number?
True
Let p be 74*((-4 - -1) + 2). Let z = 71 + p. Is ((-1182)/4)/z + 84/(-56) a prime number?
True
Let a = 133193 + -76242. Let w = -34194 + a. Is w a prime number?
False
Let k be (-1 - 3 - -10)*(-2)/(-3). Suppose k*l - 12187 = -3*l. Is l a prime number?
True
Suppose 207*o - 1820243 = 184*o. Is o composite?
True
Let b = 102 - 113. Is (b*221 - 2)*-1 composite?
True
Suppose 4*v + 3*l - 3 = 24, 5*v = -3*l + 33. Suppose v*j = -j + 21. Let t(z) = 23*z**2 + 3*z - 5. Is t(j) a prime number?
True
Suppose -5*r - 4*q - 125 + 373 = 0, 4*r - 184 = 4*q. Let c = -44 + r. Let d(g) = 238*g + 3. Is d(c) prime?
False
Is (-8)/12*1*7/((-98)/10001859) a composite number?
False
Let y be (-360320)/(-6) - 65/195. Suppose -y = -3*j - 5*g, 3*j + 4*g + 60071 = 6*j. Is j composite?
False
Suppose 649 = 2*v + 2789. Let c be (-12)/18 + (-7)/(21/v). Suppose -6*f - c = -3554. Is f composite?
True
Let f = -343578 - -609505. Is f prime?
False
Let f = 510658 + -153237. Is f a composite number?
False
Let y = 3485672 - 1995439. Is y a composite number?
False
Suppose 2*o - 2014 = 174. Let k(n) = -622*n - 325. Let r be k(-3). Let u = r - o. Is u a composite number?
True
Let s(f) = -f**2 - 50*f + 136. Let o be s(-52). Suppose o*i = 11*i + 96411. Is i composite?
False
Let c(s) be the first derivative of 137*s**2/2 + 22*s + 48. Is c(9) a composite number?
True
Suppose -3*g + 7*c - 8*c + 58 = 0, 5*g - 97 = -2*c. Let l(s) = 84*s**2 - 10*s - 23. Is l(g) a prime number?
False
Suppose 4*q + 7*o + 376 = 2*o, -3*q - 282 = -2*o. Let v = q + 483. Is v composite?
False
Let w(o) = -o**3 - o**2 + 18*o + 11. Let u be w(4). Let i(y) = 31*y**3 - 4*y**2 - 4. Is i(u) a prime number?
True
Suppose -p - 3*x + 10 = 17, -19 = -3*p + x. Suppose d - 18172 = 3*v, p*v = -3*d - 11518 + 66076. Is d composite?
False
Let u(w) = -w**3 - w - 1. Let i(o) = -6*o**3 + 14*o**2 - 18*o + 26. Let k(t) = -i(t) + 5*u(t). Is k(15) a prime number?
True
Let i = 9707 + 114684. Is i composite?
True
Let g = 176 - 171. Let q(s) = 203*s**2 + 5*s - 21. Is q(g) a composite number?
True
Suppose -16*x + 23*x + u = 5680494, 0 = x - 4*u - 811495. Is x composite?
True
Suppose 5*n = 2*r + 359583 + 424264, -5*r = -5*n + 783820. Is n prime?
False
Suppose -12 = -4*b + 4*d, -2 = -3*b - d + 3. Suppose -b + 4 = u. Suppose -7775 = u*o - 7*o. Is o a prime number?
False
Suppose -3*p + 3*l = 0, -2*p - l = -5*p + 8. Suppose -p*i - 3*f = -4822, -3*i - i - 4*f = -4820. Is i a prime number?
False
Let y(v) be the first derivative of v**3/3 - v**2/2 + 9*v + 19. Let r be y(10). Suppose -4*h + 161 = -r. Is h a composite number?
True
Is ((-1)/5 + 4/10)/((-173)/(-6761705)) composite?
False
Suppose 0 = -5*y - 30, -2*y - 80416 = -q + 8143. Is q prime?
True
Suppose -12*f + 2*f + 30 = 0. Suppose -n = f*v - 1287 - 1570, 4*v = 2*n + 3796. Let s = v - 268. Is s a composite number?
False
Let d(f) = 5*f**3 + 47*f**2 + 20*f + 24. Let w be d(-9). Is (-17002)/w*30/(-10 + 0) a composite number?
False
Suppose 3*w - 11*n + 6*n = 20, n - 52 = -5*w. Suppose -4*o = -w*o + 2226. Is o composite?
True
Let c be (-87)/(-2)*(-136)/51. Let r = -118 - c. Is 197 + 4 - (r + -3 + 3) a prime number?
False
Suppose z - 13 = -8. Let v be ((-70)/(-84))/((-2)/(-12)). Suppose 4*n + v*b = -n + 8195, z*b = n - 1627. Is n a composite number?
False
Let z be (-16)/10*(5 - (-75690)/(-12)). Let h = z - 3663. Is h a prime number?
True
Let w(n) = -n**2 + 4*n + 59. Suppose 5*k = -3*h - 15, -8*k + 3*k - 15 = 0. Is w(h) a prime number?
True
Let p = -23 + 31. Suppose p*u = 2*u + 120. Is ((-5)/(-4))/5 + 975/u a prime number?
False
Let g = -507728 + 770547. Is g a prime number?
True
Is 117363*9 + -138 + 138 + 3 + -1 prime?
True
Let o = 2567426 - 92497. Is o composite?
False
Suppose 12 = 4*n, -2*n - 6606 = -3*d - 3*n. Suppose -d = -5*r + 404. Is r composite?
False
Suppose 0 = 2*a - 3 - 3. Suppose 2*l + 20 = -l - 4*f, l - 5 = f. Suppose n + n - 8 = l, -2*c = -a*n - 1894. Is c prime?
True
Let g(o) = -6*o**2 + 6*o - 7. Let q(x) = x**3 - 2*x**2 + x + 1. Let w be q(2). Let a be g(w). Let d = a + 58. Is d composite?
True
Suppose 5*c - 235 = -1980. Let v = -164 - c. Suppose 8*r + v = 13*r. Is r prime?
True
Suppose -5*l + p + 26899 = 0, p - 1856 - 14277 = -3*l. Suppose l = 3*k - 0*k. Let t = 4624 - k. Is t composite?
True
Suppose -27*t - 46*t + 4658422 = 0. Is t composite?
True
Is (-3)/(-21) + (-25375230)/(-105) a prime number?
False
Is (-5)/130*13*(0/(-2) + -133958) prime?
False
Let d(n) = 3*n**2 - 2*n - 1. Let m be d(-1). Is (m + -5)*(-3 - 408) a prime number?
False
Suppose -11*d = -21*d + 30. Suppose d*o - 82 - 183 = -v, o - 525 = -2*v. Suppose -3*w + 3*x + 236 = -v, 0 = 5*x + 25. Is w prime?
False
Suppose -25*b = -20*b - 15850. Suppose 22*a = 12*a + b. Is a a composite number?
False
Let h be (573452/(-11))/(5/(10/(-4))). Suppose 2*a = 4*a - h. Is a a prime number?
True
Let q be 1/(-7) - (-6143292)/252. Suppose 0 = 13*h - q + 1251. Is h composite?
True
Suppose -3*z + 12 = 3*a, 5*a + 8 - 32 = -z. Suppose 29*w - 25*w - 6123 = -3*p, -1552 = -w - a*p. Is w composite?
True
Suppose 5*l = -129*n + 127*n + 6461733, l + 5*n = 1292319. Is l a prime number?
False
Let c = 451846 + -105135. Is c a prime number?
True
Let m(p) = p**3 + 3*p**2 + 5*p - 3. Let z be m(-4). Let i = 31 + z. Is (1*2426/i)/((-1)/4) composite?
False
Let r(d) = -7*d - 51. Let p be r(-8). Let s be -2 + p - 0/(-4 + 8). Suppose 0 = -5*n - 0*z + 2*z + 52265, 0 = n - s*z - 10453. Is n composite?
False
Let i(f) = -107*f**3 + f**2. Let u be i(-2). Suppose -2920 = -4*g - u. Suppose 4*y = g - 7. Is y prime?
True
Suppose -4*x = -w - 116, 5*x - 4*x + 4*w - 46 = 0. Suppose -1252648 - 734162 = -x*r. Is r composite?
True
Is (8214610/16)/5 + 294/784 a composite number?
True
Let y(x) = 266*x**2 + 2*x. Let j be y(3). Suppose 3*w = j - 636. Suppose 3*r - w = -2*f, f - 199 = -3*r + 98. Is f composite?
True
Suppose 99*c - 53*c - 32654 = 44*c. Is c a composite number?
True
Suppose 4*l + 